{"id":5,"date":"2020-09-21T08:58:04","date_gmt":"2020-09-21T06:58:04","guid":{"rendered":"http:\/\/www.korosi.cz\/?page_id=5"},"modified":"2020-09-23T09:56:20","modified_gmt":"2020-09-23T07:56:20","slug":"kominictvi-josef-korosi","status":"publish","type":"page","link":"https:\/\/www.korosi.cz\/","title":{"rendered":"\u00davodn\u00ed str\u00e1nka"},"content":{"rendered":"\n\n\n\n<h2 class=\"wp-block-heading\"><\/h2>\n\n\n\n<p><strong>Ohe\u0148 je dobr\u00fd sluha \u2013 zl\u00fd p\u00e1n!!<\/strong><\/p>\n\n\n\n<p>Kom\u00edn je ned\u00edlnou sou\u010d\u00e1st\u00ed va\u0161eho domu. Pro n\u00e1s v\u0161echny je d\u016fle\u017eit\u00fd pocit \u00fatuln\u00e9ho domova, bezpe\u010d\u00ed a pohodl\u00ed. Nespr\u00e1vn\u00e1 volba kom\u00ednu, \u010di krbu, m\u016f\u017ee toto v\u00e1\u017en\u011b ohrozit. V\u017edy proto dbejte, aby se o V\u00e1\u0161 kom\u00edn postarali kvalitn\u00ed, prov\u011b\u0159en\u00ed odborn\u00edci &#8211; ze specializovan\u00e9 firmy.<\/p>\n\n\n\n<p><\/p>\n\n\n\n<p><strong>Provozovat vadn\u00fd kom\u00edn se m\u016f\u017ee krut\u011b nevyplatit!!<\/strong><\/p>\n\n\n\n<p><\/p>\n","protected":false},"excerpt":{"rendered":"<p>Ohe\u0148 je dobr\u00fd sluha \u2013 zl\u00fd p\u00e1n!! Kom\u00edn je ned\u00edlnou sou\u010d\u00e1st\u00ed va\u0161eho domu. Pro n\u00e1s v\u0161echny je d\u016fle\u017eit\u00fd pocit \u00fatuln\u00e9ho domova, bezpe\u010d\u00ed a pohodl\u00ed. Nespr\u00e1vn\u00e1 volba kom\u00ednu, \u010di krbu, m\u016f\u017ee toto v\u00e1\u017en\u011b ohrozit. V\u017edy proto dbejte, aby se o V\u00e1\u0161 kom\u00edn postarali kvalitn\u00ed, prov\u011b\u0159en\u00ed odborn\u00edci &#8211; ze specializovan\u00e9 firmy. Provozovat vadn\u00fd kom\u00edn se m\u016f\u017ee krut\u011b [&hellip;]<\/p>\n","protected":false},"author":1,"featured_media":0,"parent":0,"menu_order":0,"comment_status":"closed","ping_status":"closed","template":"template-fullwidth.php","meta":{"footnotes":""},"_links":{"self":[{"href":"https:\/\/www.korosi.cz\/index.php\/wp-json\/wp\/v2\/pages\/5"}],"collection":[{"href":"https:\/\/www.korosi.cz\/index.php\/wp-json\/wp\/v2\/pages"}],"about":[{"href":"https:\/\/www.korosi.cz\/index.php\/wp-json\/wp\/v2\/types\/page"}],"author":[{"embeddable":true,"href":"https:\/\/www.korosi.cz\/index.php\/wp-json\/wp\/v2\/users\/1"}],"replies":[{"embeddable":true,"href":"https:\/\/www.korosi.cz\/index.php\/wp-json\/wp\/v2\/comments?post=5"}],"version-history":[{"count":4,"href":"https:\/\/www.korosi.cz\/index.php\/wp-json\/wp\/v2\/pages\/5\/revisions"}],"predecessor-version":[{"id":159,"href":"https:\/\/www.korosi.cz\/index.php\/wp-json\/wp\/v2\/pages\/5\/revisions\/159"}],"wp:attachment":[{"href":"https:\/\/www.korosi.cz\/index.php\/wp-json\/wp\/v2\/media?parent=5"}],"curies":[{"name":"wp","href":"https:\/\/api.w.org\/{rel}","templated":true}]}}