{"id":10,"date":"2020-09-21T09:01:56","date_gmt":"2020-09-21T07:01:56","guid":{"rendered":"http:\/\/www.korosi.cz\/?page_id=10"},"modified":"2020-09-21T13:36:49","modified_gmt":"2020-09-21T11:36:49","slug":"kontaktni-informace","status":"publish","type":"page","link":"https:\/\/www.korosi.cz\/index.php\/kontaktni-informace\/","title":{"rendered":"Kontaktn\u00ed informace"},"content":{"rendered":"\n<p>K\u00f6r\u00f6si Josef &#8211; Kominictv\u00ed <br>Fu\u010d\u00edkova 167 <br>742 45 Fulnek<br>\u010cesk\u00e1 republika <\/p>\n\n\n\n<p>I\u010c: 15470270 <br>DI\u010c CZ6712141139 <\/p>\n\n\n\n<p><a href=\"tel:+420603866764\">+420603866764<\/a><br><a href=\"mailto:kominictvi@korosi.cz\">kominictvi@korosi.cz<\/a><br><a href=\"mailto:kominictvi.korosi@seznam.cz\">kominictvi.korosi@seznam.cz<\/a> <\/p>\n\n\n\n<p>Adresa provozovny: K\u00f6r\u00f6si Josef &#8211; Kominictv\u00ed Pivovarsk\u00e1 242, 742 45 Fulnek<\/p>\n\n\n<div class=\"vsg-map\"><iframe loading=\"lazy\" align=\"left\" width=\"400\" height=\"380\" frameborder=\"0\" scrolling=\"no\" marginheight=\"0\" marginwidth=\"0\" src=\"https:\/\/maps.google.com\/maps?&q=Fu%C4%8D%C3%ADkova%20167%20742%2045%20Fulnek&amp;cid=&amp;t=m&amp;center=Fu%C4%8D%C3%ADkova%20167%20742%2045%20Fulnek&output=embed&z=14&iwloc=A&visual_refresh=true\"><\/iframe><\/div>\n","protected":false},"excerpt":{"rendered":"<p>K\u00f6r\u00f6si Josef &#8211; Kominictv\u00ed Fu\u010d\u00edkova 167 742 45 Fulnek\u010cesk\u00e1 republika I\u010c: 15470270 DI\u010c CZ6712141139 +420603866764kominictvi@korosi.czkominictvi.korosi@seznam.cz Adresa provozovny: K\u00f6r\u00f6si Josef &#8211; Kominictv\u00ed Pivovarsk\u00e1 242, 742 45 Fulnek<\/p>\n","protected":false},"author":1,"featured_media":0,"parent":0,"menu_order":0,"comment_status":"closed","ping_status":"closed","template":"","meta":{"footnotes":""},"_links":{"self":[{"href":"https:\/\/www.korosi.cz\/index.php\/wp-json\/wp\/v2\/pages\/10"}],"collection":[{"href":"https:\/\/www.korosi.cz\/index.php\/wp-json\/wp\/v2\/pages"}],"about":[{"href":"https:\/\/www.korosi.cz\/index.php\/wp-json\/wp\/v2\/types\/page"}],"author":[{"embeddable":true,"href":"https:\/\/www.korosi.cz\/index.php\/wp-json\/wp\/v2\/users\/1"}],"replies":[{"embeddable":true,"href":"https:\/\/www.korosi.cz\/index.php\/wp-json\/wp\/v2\/comments?post=10"}],"version-history":[{"count":6,"href":"https:\/\/www.korosi.cz\/index.php\/wp-json\/wp\/v2\/pages\/10\/revisions"}],"predecessor-version":[{"id":158,"href":"https:\/\/www.korosi.cz\/index.php\/wp-json\/wp\/v2\/pages\/10\/revisions\/158"}],"wp:attachment":[{"href":"https:\/\/www.korosi.cz\/index.php\/wp-json\/wp\/v2\/media?parent=10"}],"curies":[{"name":"wp","href":"https:\/\/api.w.org\/{rel}","templated":true}]}}